252959 composite?
False
Is 1905721513 prime?
True
Is 186390751 a composite number?
True
Is 16860155321 prime?
True
Is 5150038137 a composite number?
True
Is 116680243487 a composite number?
False
Is 30384577 prime?
True
Is 4728353887 prime?
True
Is 721894469 a prime number?
True
Is 11831770531 a prime number?
False
Is 2091205119 prime?
False
Is 52953579197 a composite number?
True
Is 8403949469 a composite number?
True
Is 11359507701 prime?
False
Is 1455399311 prime?
True
Is 21335715374 a prime number?
False
Is 746428057 prime?
False
Is 5188760231 a prime number?
False
Is 8176652909 composite?
False
Is 1700503691 a composite number?
False
Is 3107574733 a composite number?
True
Is 718821373 a composite number?
False
Is 628465693 prime?
True
Is 14375959621 a composite number?
True
Is 6204351323 prime?
False
Is 3537227599 a composite number?
False
Is 501623543 a composite number?
False
Is 284723273 prime?
True
Is 4174313513 composite?
True
Is 286546629 a prime number?
False
Is 4923250441 prime?
False
Is 88349918341 a composite number?
False
Is 2084833771 composite?
False
Is 831019177 a composite number?
True
Is 256118099 a composite number?
False
Is 2814658901 prime?
False
Is 1067160569 composite?
False
Is 21315697967 a prime number?
True
Is 2821912271 composite?
False
Is 2620718593 prime?
False
Is 168370723397 a composite number?
False
Is 20368927463 a prime number?
True
Is 34707326119 prime?
True
Is 1261385857 composite?
True
Is 6067159927 composite?
False
Is 13273705399 a prime number?
False
Is 1391996741 prime?
True
Is 2117567834 composite?
True
Is 215316593 composite?
True
Is 17402492021 a prime number?
True
Is 96984715517 a prime number?
False
Is 22886532169 a composite number?
True
Is 350591165 a composite number?
True
Is 95208331 prime?
False
Is 4409651371 a prime number?
True
Is 11702861 a prime number?
True
Is 551345143 composite?
True
Is 60810442019 a prime number?
True
Is 275768566 prime?
False
Is 367153837 a composite number?
True
Is 2506969271 a prime number?
False
Is 12146850907 a prime number?
False
Is 33502959119 composite?
True
Is 51810623647 composite?
True
Is 3269132911 prime?
False
Is 6308820481 a composite number?
True
Is 5905099403 a prime number?
False
Is 4367537717 composite?
True
Is 8973383911 composite?
True
Is 1027473059 a prime number?
True
Is 8253929441 composite?
True
Is 8914179647 prime?
True
Is 7068626413 a composite number?
True
Is 64748567939 composite?
True
Is 15257572661 a prime number?
True
Is 5321097647 a composite number?
False
Is 60965969795 a composite number?
True
Is 1772132041 a prime number?
False
Is 1263129911 prime?
True
Is 4729594271 composite?
False
Is 3752582233 a prime number?
False
Is 12126223 composite?
False
Is 50615938393 composite?
False
Is 98201751281 composite?
False
Is 4298509283 a prime number?
True
Is 4259968143 prime?
False
Is 2922345473 prime?
False
Is 19330285031 composite?
True
Is 1590847963 composite?
True
Is 364140541 a prime number?
True
Is 177022659101 prime?
True
Is 482552983 a composite number?
True
Is 216795259 a composite number?
True
Is 2144288929 a composite number?
True
Is 64699317131 a composite number?
False
Is 1716262937 composite?
False
Is 512802377 prime?
True
Is 4042787089 a composite number?
True
Is 147263788691 prime?
False
Is 11160001993 prime?
False
Is 1707272767 composite?
False
Is 16020596597 a composite number?
False
Is 104229415 prime?
False
Is 26341043219 composite?
True
Is 135939246497 a composite number?
False
Is 8656931971 prime?
False
Is 40236311101 composite?
True
Is 321495061 composite?
True
Is 44932072187 composite?
False
Is 1714731341 composite?
True
Is 10766992793 composite?
False
Is 10442822669 prime?
False
Is 1157267959 a composite number?
True
Is 20526347321 prime?
True
Is 7302099421 composite?
True
Is 5218028854 a prime number?
False
Is 11051549 a prime number?
True
Is 3436606427 a composite number?
False
Is 35526909867 composite?
True
Is 2026797049 composite?
False
Is 296764378 prime?
False
Is 187044648191 a composite number?
True
Is 46276511 prime?
True
Is 82584645791 a composite number?
False
Is 1239614819 prime?
False
Is 333067913 composite?
False
Is 367044217 a prime number?
False
Is 245301793 composite?
True
Is 4773638417 composite?
True
Is 1249922171 composite?
False
Is 256817909 composite?
False
Is 23616030311 composite?
False
Is 39497615387 a composite number?
True
Is 1616278919 a composite number?
True
Is 561207181 a composite number?
True
Is 5687674057 a composite number?
True
Is 801612107 a prime number?
True
Is 2022320801 prime?
False
Is 195435513362 composite?
True
Is 864661141 a prime number?
True
Is 3017695363 prime?
False
Is 3620619273 prime?
False
Is 2192756393 a prime number?
True
Is 62786280637 prime?
False
Is 2445340111 a prime number?
False
Is 1680809371 composite?
False
Is 3650047147 a composite number?
False
Is 1528932781 composite?
False
Is 42063924541 a prime number?
True
Is 13863776579 composite?
False
Is 253207919 a prime number?
True
Is 104151185 composite?
True
Is 12176179189 prime?
False
Is 480573889 composite?
False
Is 7850162627 composite?
True
Is 35423594819 a composite number?
True
Is 59819329 prime?
False
Is 1518839039 a composite number?
False
Is 8188699027 a composite number?
False
Is 4186726993 composite?
True
Is 1428107489 prime?
False
Is 2589170693 prime?
True
Is 504031127 a prime number?
True
Is 21514028219 a composite number?
True
Is 170552221 a composite number?
True
Is 327555159 a composite number?
True
Is 4777085693 a composite number?
True
Is 74360597 prime?
True
Is 139616534017 composite?
False
Is 728077477 composite?
True
Is 145414037 prime?
False
Is 2524784123 prime?
True
Is 5812253723 prime?
False
Is 41825759786 prime?
False
Is 5505936607 a composite number?
True
Is 21273062437 a composite number?
True
Is 15607743689 a composite number?
False
Is 48246105569 a composite number?
False
Is 4845431249 a prime number?
True
Is 13741822513 composite?
False
Is 5070826673 a prime number?
False
Is 55984369323 a composite number?
True
Is 5414952967 prime?
True
Is 109679058761 a composite number?
True
Is 190724693 a prime number?
True
Is 9037102073 prime?
True
Is 3579175147 a composite number?
True
Is 68206529 a prime number?
True
Is 35164190713 composite?
False
Is 27228049081 a composite number?
True
Is 18699843419 prime?
False
Is 2383119749 prime?
True
Is 929419468165 a composite number?
True
Is 5041785547 a composite number?
False
Is 1797623011 composite?
False
Is 12134338534 a composite number?
True
Is 11110677343 prime?
True
Is 3000356897 a composite number?
False
Is 611747671 composite?
False
Is 908088871 a prime number?
True
Is 2569510347 a composite number?
True
Is 45403357799 prime?
False
Is 5233681087 composite?
False
Is 310582561 composite?
False
Is 14632936889 a composite number?
False
Is 124189193 a composite number?
True
Is 61398298667 composite?
False
Is 1161534169 prime?
True
Is 8084368043 prime?
True
Is 264662389 composite?
False
Is 12002188087 composite?
True
Is 1657193957 a prime number?
True
Is 5922172439 prime?
True
Is 121655624878 a prime number?
False
Is 942144331 composite?
True
Is 9831645529 a composite number?
False
Is 13422444117 prime?
False
Is 2607654593 a prime number?
True
Is 17836391 a prime number?
True
Is 101090482499 composite?
False
Is 558364749 a prime number?
False
Is 363420517 prime?
True
Is 205429079 composite?
False
Is 3125265743 a prime number?
True
Is 47177624579 prime?
False
Is 29539309 prime?
True
Is 15364522063 a prime number?
False
Is 3435817123 prime?
False
Is 1092763013 a composite number?
True
Is 150586055 a prime number?
False
Is 2601916261 composite?
True
Is 45464929927 a prime number?
False
Is 1474440467 composite?
False
Is 17616185809 composite?
True
Is 501221837 composite?
False
Is 20819115053 prime?
False
Is 3794188477 a prime number?
True
Is 10834914023 prime?
False
Is 2285036627 prime?
True
Is 934307635 a composite number?
True
Is 37589055211 prime?
True
Is 1358058707 prime?
True
Is 740299741 a prime number?
True
Is 27490783 a prime number?
True
Is 2034400363 composite?
False
Is 578600609 a composite number?
True
Is 6556269833 composite?
True
Is 137673686666 a composite number?
True
Is 62708169418 a prime number?
False
Is 666952669 prime?
True
I